hat is the value of 23 - 28 - (3 + 0 + (-1 - 1))?
-6
Calculate -30 - (-4 + (-10 + 11 + 6 - 8)).
-25
Evaluate -14 - (-1 - (9 - 0)).
-4
What is the value of 3 - (-5 + 20) - (53 + -57)?
-8
Calculate 1 + 3 + -8 + 15.
11
Calculate 10 - (31 + -13 + 13 - -10).
-31
Evaluate (-3 - -7) + -4 + -1 + (58 - 28).
29
What is -32 - (-15 + 2) - -20?
1
Evaluate -15 + 18 - 4 - 8.
-9
-17 + (25 + 3 - -5)
16
What is the value of 11 + (4 - -6) - 9?
12
-1 + (43 - -2) - (-6 + 22)
28
What is (4 - (18 - (9 - (0 - -4)))) + 7?
-2
What is the value of -15 + -5 + 12 + -7 + 6 - -7?
-2
What is the value of -4 + 6 + -11 + 7 + 0?
-2
Calculate 20 + 0 + 118 + -131.
7
Calculate -7 + (-19 - (23 + -21)) - (-5 + 1).
-24
What is 18 + (-17 - -7 - 17)?
-9
What is -450 + 462 - (28 - -1)?
-17
What is 4 - (-5 + (3 - -4) - -7) - -3?
-2
Calculate -54 + 74 + -32 + (33 - 2).
19
12 + -47 + 14 + 26
5
-2 + (10 - (-4 + 8))
4
What is the value of -9 + 16 - (-189 + 167)?
29
-3 + (-9 + 3 - 1) - (0 + 1)
-11
What is the value of -7 + 6 + (-15 - -14 - (9 - -1))?
-12
Calculate -30 + 30 + 34 + 5.
39
Evaluate -1 - (-18 + (11 - (-3 + 7))).
10
What is the value of -4 + (9 - 32) + 10?
-17
What is (10 + -9 - (-1 + 4)) + -5 + 10?
3
What is (16 - 42) + -17 + 82?
39
-100 + 131 + (-25 - 7)
-1
What is the value of 1 + 4 - (8 + (16 - 20))?
1
46 + 60 + -102 - (6 + (1 - 0))
-3
(31 - 23 - (1 + 0)) + -6
1
2 + (-1 - (-9 - -12)) + -1 + 4
1
What is the value of -8 - (17 + -8) - (2 + (-1 - 3))?
-15
Calculate 10 - (-10 + (26 - 15)).
9
Calculate 10 - (-37 + 22 - (0 - 33)).
-8
(5 + -2 - -14) + 9 + 11
37
What is 15 + 7 + (-40 - -24)?
6
What is 3 + 16 + -10 - -5?
14
What is the value of 7 - (-19 + (5 - -7) - 2)?
16
What is 1 - (-8 - ((34 - 26) + (-32 - -2)))?
-13
Calculate -3 + (-7 - -9 - (4 + -3)).
-2
Calculate (8 - 5) + 0 - ((-8 - -17) + 9).
-15
What is the value of 8 + -1 + 2 + 0 - -8?
17
Evaluate (-11 - -3) + (14 - 13) - (3 + -13).
3
Calculate 20 - ((28 - 12) + -6).
10
What is 0 - (-2 + 4 + -8 + -1)?
7
What is the value of -12 + 9 + (1 - 5) + -7?
-14
Calculate -15 - -23 - (-27 - -50).
-15
What is the value of -22 + (17 - 17) + 43?
21
What is 24 - (22 + -4) - ((2 - -7) + 1)?
-4
Evaluate -5 - ((-16 - -7 - -8) + -8 + 13).
-9
What is the value of -37 - (-22 - 7) - -5?
-3
Evaluate (17 - 7 - (18 - 17)) + 12 + -3.
18
Evaluate 1 + (1 - 4) + -2 - (353 - 354).
-3
(-3 - 30) + (-12 - -55)
10
(-13 - -1) + (7 - (-24 + 23))
-4
Calculate (1 + 0 - (106 + -104)) + (-9 - -2).
-8
What is 0 - 8 - -14 - -1 - (-3 + 5)?
5
What is 2 - -10 - 2 - (206 - 191)?
-5
Calculate 62 + -68 + 1 - ((-6 - 1) + 1).
1
What is the value of 38 + (-16 - -17 - 16)?
23
Evaluate (3 - 16) + 22 - 9.
0
5 - 4 - (12 - (4 + 1 + 2))
-4
Calculate -2 - (0 + (1 - 2)) - (0 + -28).
27
-49 + 22 + (0 - 0 - -2)
-25
2 + -13 - (-16 + -10 + 7 + -12)
20
What is the value of 2 - (-3 + 2) - (9 + -7 + -9)?
10
(-6 - 6) + (16 - 5) + 9 - 22
-14
15 + 15 + 7 + -20 + 7
24
What is the value of 264 + -254 - ((2 - 1) + 0 - 3)?
12
Evaluate (-19 - -32 - 13) + 23.
23
What is the value of -9 + -23 + 16 + 34?
18
(-2 - 1) + -33 + (-8 - -53)
9
1 - (5 - (3 + (-8 - -6) + -1))
-4
What is 7 + (10 - 4 - (6 + 0)) - -3?
10
What is (16 - (-28 - -14)) + 3 - (1 + 9)?
23
What is (-1 - -3) + (-48 - -58) - (-1 - 6)?
19
25 + 3 + (-12 - -4) + -10
10
What is the value of 1 + -2 - (-106 - -115)?
-10
4 + 9 + -2 + 2
13
Calculate -2 - (17 + (-28 + 15 - -15)).
-21
What is 18 + -3 - (-80 + 93)?
2
2 + 1 + (-36 - -29) - -25
21
Calculate 5 + (-14 - -20 - 29).
-18
What is -18 - (37 + -47 + (0 - -3))?
-11
What is -15 - (-5 - (-3 - (8 - 7)))?
-14
What is 8 + 2 - 0 - (417 + -400)?
-7
Calculate 6 + -5 + 4 + -13 + -18.
-26
5 - (-5 - (-16 + 3))
-3
Calculate 1 - (-2 + 8) - -18.
13
What is the value of 7 + -5 + (-8 - (5 - 11))?
0
What is 8 + 1 + -2 + (20 - 18)?
9
Evaluate -15 + 0 - (156 + -156).
-15
What is -9 + -11 + (7 - -24)?
11
(21 - 31) + 2 - 25
-33
Evaluate -3 - (7 + (-9 - -7 - 3)).
-5
Evaluate 11 + 12 + -31 - (1 + -1).
-8
Calculate 5 + 2 + (-9 - 10) - 18.
-30
What is 20 + 10 + -51 - (-1 - (5 - 0))?
-15
What is 48 + (29 - 73) - (1 - 15)?
18
Evaluate 41 + -24 - (32 - 1).
-14
What is 4 + 10 - (23 - 4)?
-5
What is the value of 17 + -21 - (0 + 0 - 15)?
11
-3 - -1 - (12 - (20 + -9))
-3
What is 2 + (-2 - -1) + 24 + 17 + -37?
5
What is the value of -4 - 13 - -9 - 1?
-9
What is the value of -18 + (0 - -9) - -4 - 7?
-12
Evaluate -31 - (-34 + 5 + 2).
-4
What is the value of 8 + (9 - 17) - (-15 + (-1 - -2))?
14
What is (10 - 4) + 4 + -11 - -8?
7
Calculate -35 + 59 - (-4 - -3 - -9).
16
What is -19 + 65 + -11 + -43?
-8
What is 3 + (-15 - (-13 - -4 - -11)) + 6?
-8
What is the value of -11 + 2 - (684 - 671)?
-22
-21 + 7 + 9 - 0
-5
What is the value of 2 + -1 - (-7 - (-10 + (-7 - -16)))?
7
(2 - (-1 - (-6 - -13))) + (-29 - -1)
-18
What is the value of (-5 - -35 - 23) + 7 + 1?
15
Calculate 5 + 23 + -11 + -5 + 9 + -4.
17
Calculate 20 + (-19 - -9) + -22 + 11.
-1
What is -11 + (2 - -2) - ((1 - 4) + 1)?
-5
What is the value of (11 - (-13 - -27)) + (-2 - 5)?
-10
What is the value of 6 + (8 - -3) - (5 + -11)?
23
25 - 16 - (62 - 20)
-33
17 - (18 + -3 + 15)
-13
-6 - (-3 + 7 - 4)
-6
Calculate 21 + -11 + (5 + -8 - 4 - -13).
16
What is 24 + -24 + (-12 - -25)?
13
Calculate -3 + (2 - 1) - (18 + -15).
-5
Evaluate 1 + 7 - (12 + 7 - 13).
2
What is (0 - -10 - ((75 - 35) + -27)) + -23?
-26
Calculate (30 - 17 - -4) + -26.
-9
What is (-56 - 16) + 71 - (4 + 0)?
-5
What is the value of -66 + 56 - (-4 - -9)?
-15
Evaluate 1 + -19 + (-5 + 4 + 15 - 8).
-12
(2 - (8 - 2)) + -17 + (4 - 0)
-17
-11 + 10 + -16 + 6 + (3 - -29)
21
What is -3 + (-8 - -37 - (6 - 1 - -2))?
19
What is the value of -26 + -10 + 15 + -9 + 15?
-15
What is the value of -18 - 16 - -24 - (-13 - 2)?
5
What is -16 + -2 + -22 + (-6 - -21)?
-25
What is 17 - 16 - -10 - 13?
-2
Evaluate -1 - -11 - (-10 + 8) - 7.
5
Calculate -16 + (-16 + 70 - 18).
20
Calculate (32 + -1 - (-10 + 15 - -2)) + -9.
15
What is -3 - ((-53 - -21) + 19)?
10
What is the value of -24 + -2 - (-23 - (-8 - 14))?
-25
What is 2 + 7 + (10 - 22) + -1?
-4
What is the value of 0 + 5 + (-2 - (11 + -25)) + -5?
12
Calculate (-2 - -16) + -53 - -22.
-17
94 + -99 - (-9 + -1) - 14
-9
Calculate 0 + -10 + (4 - -8 - 2 - 16).
-16
Calculate 0 + -5 + 1 - -11.
7
What is the value of 583 + -565 - (0 - -2)?
16
What is 28 + -31 - (-2 + (6 - 0)) - -21?
14
Calculate -2 + (-6 + (20 - (1 + 7)) - 22).
-18
Calculate 11 + (4 - (6 + (4 - 2))) + -8.
-1
What is 5 + (-4 - 17 - -14)?
-2
Calculate (2 + 7 - 20) + -36 + 22.
-25
Evaluate 1688 + -1670 - (-1 + -5).
24
What is the value of 6 - ((-14 - (7 + -17) - -12) + 26)?
-28
Calculate (41 + -37 - (7 - -1)) + -4.
-8
What is the value of -1 - (-2 - -9 - 3 - (16 + -7))?
4
Calculate (-6 - 3 - (-12 + 8)) + -3 + 19.
11
What is the value of 18 + (-10 - 7) + 17?
18
-9 + 12 - -18 - 34
-13
Evaluate -10 + (-5 - -17) + 12.
14
Evaluate 31 + (18 - 50) + 15.
14
Calculate (-8 - (-15 + 2)) + 1 + -2.
4
What is the value of -2 + 8 + -9 + (-1 - 1)?
-5
What is the value of (5 + -1 - (-9 + (15 - 14))) + 0?
12
(1 - 8) + (-2 - -37) + -18
10
What is -2 + 5 + (-116 - -137)?
24
What is the value of (-15 + 18 - -16) + -48?
-29
What is the value of (-19 - -30) + -12 + 20?
19
What is (13 - 30) + -14 + 2 + (7 - 13)?
-35
What is (3 - (-1 + 1)) + 7 + (3 - 1)?
12
Calculate (-8 + (-2 - -13) - 2) + 19 - 4.
16
What is the value of 10 + (-6 - 1) + (-12 - 15)?
-24
Calculate 8 + 8 + 19 + -6 + -14.
15
Calculate -49 + 27 + 10 + -5.
-17
What is the value of 8 - 24 - (-3 + 3)?
-16
4 + (-29 - -21) + (-4 - (4 + -9))
-3
(-2 - 2) + (-26 - (-18 - 10))
-2
Calculate 11 - (0 + -3 + -1 - 3 - -14).
4
Calculate (-23 - (-11 + 4)) + 16.
0
What is -24 - (-16 + 2) - -12?
2
Calculate -37 + 28 + -10 - -22.
3
What is 16 - 6 - 6 - 3 - 22 - -8?
-13
Calculate 38 + -57 + (39 - 2).
18
Calculate 7 + (19 - 45) + 14.
-5
What is the value of -1 + -5 - (-6 - (4 + -9)) - 2?
-7
Calculate 13 - (43 - 41) - 11.
0
What is (-5 - -15 - 30) + (1 - 1) + 6?
-14
Evaluate 2 - 7 - (4 - 4) - 16.
-21
Evaluate -24 + -6 + 26 + 37.
33
Calculate -29 + (11 - (-14 - 7)).
3
What is 0 + -11 + 0 + (49 - 60)?
-22
Calculate 75 + -65 + (4 - (-2 - (-4 - -4))).
16
Calculate (31 - 10) + -16 - -1.
6
Evaluate 12 + (0 - (-12 - -9)).
15
-3 + (-7 - -5) - (-11 + 1)
5
What is the value of (6 - -1 - (2 - -4)) + -1 + 1?
1
-108 + 85 - (2 + (2 - 8